1853?
3, 80021317
What are the prime factors of 1240113091?
7, 177159013
What are the prime factors of 29792240?
2, 5, 31, 41, 293
What are the prime factors of 44638178?
2, 13, 1716853
List the prime factors of 465783059.
7, 66540437
List the prime factors of 2235042104.
2, 279380263
What are the prime factors of 140877106?
2, 70438553
What are the prime factors of 297541156?
2, 11, 23, 294013
What are the prime factors of 289733694?
2, 3, 2531, 19079
List the prime factors of 1393195912.
2, 1579, 110291
List the prime factors of 13245928.
2, 31, 53411
List the prime factors of 120576360.
2, 3, 5, 31, 32413
What are the prime factors of 724592221?
41, 61, 289721
What are the prime factors of 47895573?
3, 11, 313, 4637
What are the prime factors of 2464765899?
3, 19, 2939, 14713
What are the prime factors of 276586318?
2, 67, 2064077
What are the prime factors of 66430122?
2, 3, 11, 179, 5623
List the prime factors of 436999619.
7, 62428517
List the prime factors of 102450400.
2, 5, 13, 9851
What are the prime factors of 2983430553?
3, 1733, 573847
What are the prime factors of 7628505?
3, 5, 508567
List the prime factors of 117839879.
23, 281, 18233
What are the prime factors of 1958056027?
229, 947, 9029
What are the prime factors of 109534575?
3, 5, 41, 179, 199
List the prime factors of 42395994.
2, 3, 17, 46183
What are the prime factors of 2772621570?
2, 3, 5, 157, 588667
List the prime factors of 281549485.
5, 7, 8044271
List the prime factors of 547811041.
547811041
List the prime factors of 1848083656.
2, 79, 2924183
List the prime factors of 736442133.
3, 7, 35068673
List the prime factors of 198655608.
2, 3, 17, 331, 1471
What are the prime factors of 147524643?
3, 7, 6827
List the prime factors of 62617610.
2, 5, 11, 569251
What are the prime factors of 77520948?
2, 3, 23, 157, 1789
List the prime factors of 3323615323.
7, 474802189
What are the prime factors of 62966818?
2, 4951, 6359
List the prime factors of 50427034.
2, 7, 3601931
List the prime factors of 413662675.
5, 16546507
List the prime factors of 480590867.
17, 28270051
List the prime factors of 504480121.
504480121
List the prime factors of 144550175.
5, 7, 11, 61, 1231
What are the prime factors of 612967865?
5, 83, 1477031
List the prime factors of 32622515.
5, 6524503
What are the prime factors of 4695236589?
3, 967, 1618489
List the prime factors of 208871211.
3, 23, 31, 97649
List the prime factors of 4712631795.
3, 5, 17, 6160303
List the prime factors of 2594420077.
1087, 2386771
What are the prime factors of 35457677?
35457677
What are the prime factors of 3554965336?
2, 13, 17, 2010727
List the prime factors of 152581556.
2, 71, 83, 6473
List the prime factors of 911152466.
2, 7, 317, 205307
List the prime factors of 1501410159.
3, 47, 359, 9887
What are the prime factors of 1004493016?
2, 1601, 78427
What are the prime factors of 135126513?
3, 15014057
What are the prime factors of 216264971?
13, 269, 61843
List the prime factors of 614483434.
2, 307241717
List the prime factors of 43957694.
2, 11, 1998077
What are the prime factors of 238174159?
193, 1234063
What are the prime factors of 76110228?
2, 3, 251, 8423
List the prime factors of 71217185.
5, 13, 29, 37781
List the prime factors of 283027879.
41, 719, 9601
What are the prime factors of 1471337382?
2, 3, 245222897
List the prime factors of 1168496382.
2, 3, 5167, 37691
List the prime factors of 106463355.
3, 5, 337, 21061
List the prime factors of 171620371.
13, 31, 425857
List the prime factors of 2862989071.
37, 3221, 24023
List the prime factors of 432242185.
5, 97, 307, 2903
What are the prime factors of 2091651841?
19, 110086939
What are the prime factors of 119832788?
2, 37, 53, 15277
List the prime factors of 69605684.
2, 17, 29, 47, 751
List the prime factors of 2026400555.
5, 405280111
What are the prime factors of 1059603910?
2, 5, 105960391
List the prime factors of 2712442809.
3, 359, 2518517
List the prime factors of 675535942.
2, 31, 67, 162623
List the prime factors of 1101186844.
2, 1979, 139109
What are the prime factors of 261579023?
19, 23, 31, 19309
What are the prime factors of 257205668?
2, 64301417
List the prime factors of 829112800.
2, 5, 1036391
List the prime factors of 296913166.
2, 11, 109, 123817
What are the prime factors of 1460773649?
61, 23947109
List the prime factors of 460131557.
6481, 70997
List the prime factors of 67819658.
2, 41, 137, 6037
List the prime factors of 209090889.
3, 7, 139, 379
List the prime factors of 100002710.
2, 5, 10000271
List the prime factors of 1040349864.
2, 3, 19, 73, 31253
List the prime factors of 14166915.
3, 5, 7, 134923
What are the prime factors of 84802125?
3, 5, 101, 2239
What are the prime factors of 58953572?
2, 41, 61, 71, 83
What are the prime factors of 53903001?
3, 17967667
List the prime factors of 719953387.
719953387
List the prime factors of 372573647.
1571, 237157
List the prime factors of 2045545171.
2045545171
List the prime factors of 69352962.
2, 3, 7, 17, 137, 709
What are the prime factors of 48788097?
3, 16262699
What are the prime factors of 4046250475?
5, 61, 107, 137, 181
List the prime factors of 2511535224.
2, 3, 11, 349, 27259
What are the prime factors of 2505626252?
2, 79, 7929197
What are the prime factors of 130745128?
2, 137, 119293
What are the prime factors of 10894343?
29, 375667
What are the prime factors of 121152764?
2, 30288191
List the prime factors of 46306201.
46306201
What are the prime factors of 3655810523?
3917, 933319
What are the prime factors of 891155364?
2, 3, 11, 71, 95087
What are the prime factors of 775703623?
109, 401, 17747
List the prime factors of 668629210.
2, 5, 17, 647, 6079
What are the prime factors of 104289115?
5, 7, 31, 277, 347
List the prime factors of 669799437.
3, 163, 1369733
What are the prime factors of 6093552425?
5, 79, 149, 20707
List the prime factors of 5239842901.
17, 308226053
What are the prime factors of 173543606?
2, 19, 4566937
List the prime factors of 79302877.
37, 101, 21221
List the prime factors of 18778269.
3, 307, 20389
What are the prime factors of 12929952?
2, 3, 7, 71, 271
List the prime factors of 3323640361.
3323640361
List the prime factors of 5513366081.
191, 28865791
List the prime factors of 5258139.
3, 59, 61, 487
What are the prime factors of 676422503?
17, 1697, 23447
List the prime factors of 828863673.
3, 11, 23, 99277
What are the prime factors of 58190630?
2, 5, 5819063
List the prime factors of 87345400.
2, 5, 436727
List the prime factors of 834145575.
3, 5, 37, 300593
List the prime factors of 38392958.
2, 19, 151, 6691
List the prime factors of 1181371206.
2, 3, 277, 710813
List the prime factors of 575871217.
23, 239, 104761
What are the prime factors of 131759519?
6449, 20431
List the prime factors of 60050010.
2, 3, 5, 23, 29, 3001
What are the prime factors of 8736128?
2, 131, 521
List the prime factors of 1140322575.
3, 5, 7, 109, 19927
List the prime factors of 206844172.
2, 313, 165211
List the prime factors of 92998300.
2, 5, 929983
List the prime factors of 126306991.
17, 557, 13339
What are the prime factors of 825312765?
3, 5, 55020851
List the prime factors of 85161408.
2, 3, 139, 3191
List the prime factors of 9194081802.
2, 3, 197, 1187, 6553
What are the prime factors of 48112923?
3, 53, 302597
What are the prime factors of 14036713?
17, 825689
List the prime factors of 1235552633.
7, 233, 757543
What are the prime factors of 86027588?
2, 281, 76537
List the prime factors of 136934565.
3, 5, 463, 19717
What are the prime factors of 38970241?
569, 68489
What are the prime factors of 401703821?
4201, 95621
What are the prime factors of 4538648360?
2, 5, 113466209
List the prime factors of 186539417.
593, 314569
List the prime factors of 2914991205.
3, 5, 7, 27761821
What are the prime factors of 3795334051?
61, 113, 550607
List the prime factors of 12549700.
2, 5, 125497
What are the prime factors of 73301812?
2, 317, 57809
What are the prime factors of 258113672?
2, 59, 233, 2347
List the prime factors of 363323478.
2, 3, 7, 8650559
What are the prime factors of 123333878?
2, 17, 479, 7573
List the prime factors of 3988008067.
2011, 1983097
List the prime factors of 7833497087.
13, 602576699
List the p